5*z + 16 = -z. Suppose -f + 1 = -z. Suppose f*b - 2389 = 1426. Is b composite?
True
Suppose 3*u = d + 65467, -87264 = 61*u - 65*u - 5*d. Is u a composite number?
False
Let i(g) = 7*g**2 + 9*g - 29. Let m(k) = 34*k**2 + 44*k - 146. Let y(c) = 11*i(c) - 2*m(c). Let t be 0/(-1) - (-59 - -54). Is y(t) a composite number?
True
Let y be (15/6)/(5/10). Suppose -y*r + 995 = -1730. Is r prime?
False
Suppose 10 = -3*s - 5*h, 3 = 4*s - h + 1. Suppose -47*c + 198837 + 210486 = s. Is c a prime number?
False
Suppose 0 = 9*t + 45 - 0. Is (-36066)/30*t + -4 prime?
True
Let u(t) be the first derivative of -t - 5/4*t**4 - 5/2*t**2 - 24 + 7/3*t**3. Is u(-6) composite?
False
Let s(o) = -65*o**3 + 2*o**2 - 12. Let h be s(7). Let v = h - -32950. Is v a composite number?
True
Let o = -286 + 421. Let b = o - -869. Let y = -673 + b. Is y a composite number?
False
Let q(r) = -8*r**3 - 2*r**2 - r + 1. Let j be q(-2). Let p = 793 - 595. Let c = p + j. Is c prime?
True
Is (-37)/(-1554)*2012997*38*1 a prime number?
False
Let y(r) = -85762*r + 94. Is y(-4) a prime number?
False
Suppose -101*p = -353441 - 1775942. Is p a composite number?
True
Suppose 0 = 135*m - 164*m + 9480187. Is m composite?
False
Suppose 11*n - 10*n - 283738 = -25*n. Is n a composite number?
True
Suppose 2*b = 3*z - 381297, -2*z + 46*b + 254188 = 48*b. Is z composite?
True
Let k = 2984 - 2024. Suppose t = 3*t + 5*o - k, 0 = 5*t - 4*o - 2433. Is t a prime number?
False
Let u = 98545 + -54428. Is u composite?
True
Is (105960/2 - -16) + -15 a prime number?
True
Suppose 0 = -v + 2, 0*v - v - 258 = 5*k. Let s be k/(-6) + (-5)/(-15). Suppose -13*h + s*h + 1796 = 0. Is h prime?
True
Suppose -y + 4578 = 4*w, -6*y = -2*w - y + 2300. Suppose 56*m = 57*m - w. Is m prime?
False
Is (-24037858)/(-104) - -4 - (-2)/(-8) composite?
True
Let f be (-68)/6*51/17. Let n be f/153 + 34/(-9). Let b(s) = -46*s + 21. Is b(n) prime?
False
Let q = 2575 + -3258. Let u be 1385 + (-1)/(-1)*1. Let g = u + q. Is g a prime number?
False
Let q(z) = 1103*z**3 + z**2 - 4*z + 3. Let b be q(1). Let x = 2904 - b. Is x prime?
True
Suppose 487 = 13*o - 228. Let k = -62 + o. Is 2 + 0 - (-4440 + k - 0) a prime number?
False
Let v = -32761 + 51534. Is v a composite number?
False
Suppose 9*j + 876047 = 45*j + 119867. Is j composite?
True
Let r(u) = -1306*u + 241. Is r(-13) prime?
False
Suppose 3*q - 20488 = -5905. Is q a composite number?
False
Let k be ((-24)/(-10))/(168/(-35) - -5). Is -1934*((-54)/k - -4) a prime number?
True
Suppose -12*m + 40630 + 138998 = 0. Is m a prime number?
True
Let n = -218 + 246. Suppose n*p - 4*p - 645672 = 0. Is p a prime number?
True
Suppose 0 = -4*b - 3*o + 13, -3*b - o = -2*o - 13. Let u be (-100)/(-30) - b/3. Suppose -4*l = 4*s + 855 - 12443, u*l + 14485 = 5*s. Is s a prime number?
True
Suppose 0 = n - 17*n + 10368. Suppose n*b - 653*b = -6815. Is b a composite number?
True
Let d(o) = -44*o**2 - 21 + 5*o - 48*o**2 + 94*o**2. Let u be d(-5). Suppose 2*q - 5*p = -q + 2772, -u*q + 3679 = -p. Is q a prime number?
True
Suppose 4122472 = 4*m - 2*d, 0 = -5*m - 18*d + 17*d + 5153097. Is m prime?
True
Let m be (18 + -20)/(-3*6/81). Suppose m*g = -0*g + 6111. Is g composite?
True
Let z(w) = -7*w**3 + 11*w**2 + 8*w - 18. Let y be z(-8). Let x(m) = m**2 + 2*m - 24. Let v be x(4). Suppose 0*a + 6*a - y = v. Is a prime?
True
Let m be 27106/9 - 18/(-81). Suppose -i = d - m, 5*d - 2*i - 18962 = -3937. Is d a prime number?
False
Let v be -6 + 1 - (19 - 1277). Let z = 1842 - v. Is z prime?
False
Let f = 49 - 36. Suppose 2*m - 15 = 5*v, 3*v + 0*v + f = 2*m. Is 4/v + 16 + 875 prime?
True
Let o = -31 + 33. Suppose -4*z - b = -2*z - 11, 0 = z - 2*b + o. Suppose z*f - 91 = -3*k, 0*f = -5*f - 25. Is k a composite number?
False
Suppose -2*x = -12, -3*v - 1036125 = -6*v + 2*x. Is v composite?
False
Let c(i) = 177*i**2 + 10*i + 11. Let l be c(-6). Suppose 31989 = 2*v + l. Suppose -3*m = s - 2958 - 1325, 3*s + 5*m - v = 0. Is s a composite number?
False
Suppose -d + 1546 = -2*q, -2*q - q + 4*d = 2309. Let t = 2034 + q. Is t composite?
False
Let s(k) = -4*k + 8. Let o be s(-6). Suppose u = -0*u + 4*d + 1808, 3*u = 3*d + 5442. Is (u/(-10))/(o/(-80)) a prime number?
False
Is 86/30 - 3 - 747071/(-195) composite?
True
Suppose -93*z + 87*z = -55716. Let x = z + -4679. Is x prime?
False
Let b be (-1 + 2)/((-2)/(-16)). Let f(v) = 7*v**3 - 5*v**2 + v - 21. Is f(b) a prime number?
True
Let n(a) = -a**3 + 3*a**2 + 12*a - 4. Let o be n(5). Suppose -o*t - t = -14434. Is t prime?
False
Let b = -9 - -25. Let y = 42 - b. Is (0 + y)*(-2)/(-4) prime?
True
Suppose -72*p + 23*p = 1543392 - 4381325. Is p prime?
True
Suppose 60*x - 65*x - 3*p + 2121410 = 0, 5*p + 424310 = x. Is x composite?
True
Let g = -235 - -231. Is ((-14)/4 - -4)/(g/(-1864)) prime?
True
Let v = -7 + 4049. Suppose -g = j - v, 5*j - 7*g + 2*g = 20160. Is j a prime number?
False
Let f(y) = 890*y - 11. Let q be f(-4). Let k = -1288 - q. Is k a prime number?
False
Is ((-25)/(-40))/(5/6)*1037656/6 a composite number?
False
Let t = -24273 - -48067. Is t prime?
False
Let y(i) = 387*i**2 - 84*i**2 + 5 - 105*i**2 + 476*i**2. Is y(-2) a prime number?
False
Suppose -4*s + 712073 = 3*h, 5*h = -26*s + 23*s + 534074. Is s composite?
True
Let w be (-8)/4*6/(-4). Suppose 5*f = -4*v + 27, -w*f = 5*v - 21 - 3. Suppose -4*p + 251 = -v*p. Is p a composite number?
False
Let f(m) = -22*m**3 + 8*m**2 + 6*m - 9. Let v(p) = -p**3 - p**2 - p + 1. Let q(i) = f(i) + 5*v(i). Let k(r) = -11*r + 107. Let a be k(10). Is q(a) composite?
True
Suppose 15396 = 15*a + 351. Suppose -2*n - 4380 = -4*c, -4*c + 3405 = 5*n - a. Is c prime?
True
Let h = 179 + 1743. Let o = 4856 + h. Is o a composite number?
True
Let h(k) = 114*k**3 + 20*k**2 + 107*k - 1131. Is h(10) a prime number?
False
Suppose -96877 = -z - 2*i, -4*z - i = -9*z + 484341. Is z prime?
False
Let z = -367 - -372. Let v(f) = 14*f**2 - f - 38. Is v(z) a prime number?
True
Suppose -4*r + 5*c + 413312 = 0, -4*r - 3*c + 7*c = -413316. Is r prime?
True
Let z(i) = 7*i**3 - 5*i**2 + 28*i + 19. Let p(w) = 20*w**3 - 15*w**2 + 83*w + 56. Let h(s) = 6*p(s) - 17*z(s). Is h(13) composite?
True
Let v be 60/(-16) + -2 - (-2)/(-8). Let m be v/((-9)/3) - -732. Suppose 3*a = -2*y + 73 + 1350, 3*a = y - m. Is y composite?
False
Is 286*(-193)/(-6) - 32/48 prime?
True
Let k(f) be the first derivative of 32*f**4/3 + f**3/6 - 6*f + 26. Let m(x) be the first derivative of k(x). Is m(2) a composite number?
True
Suppose -4*a + 155 = 4*o - 21, 175 = 4*a + 3*o. Let d be 3/9*a*1737. Is d/9 + 2/3 a prime number?
True
Suppose 7*d + 1 - 50 = 0. Suppose -2*m - 20 = -d*m. Suppose 7*f - 3165 = m*f. Is f a prime number?
False
Let h(b) = 580*b + 83. Let l be h(38). Let u = l - 6938. Is u composite?
True
Let z(q) = 9075*q + 170. Let u be 1 - ((-294)/56 + (-10)/(-8)). Is z(u) prime?
False
Suppose 2*w = -2*m + 2, 3*m + 5*w = -4 + 3. Suppose 905 = -c - 3*c + m*d, -2*d + 1133 = -5*c. Let b = -69 - c. Is b prime?
False
Suppose 4*o = a + 139368, 23032 = 2*o - 5*a - 46670. Is o a prime number?
True
Let h(p) = 3*p**3 + p**2 - 1. Let b be -2 - (3*-4)/4. Let z be h(b). Suppose -z*f = -s - 2105, -3*f + 2089 = -3*s - 2*s. Is f a prime number?
False
Let f = -29587 - -72738. Is f a composite number?
False
Is (574860/(-198) + 12)/(1/((-1002)/4)) a prime number?
False
Let v(f) = -46*f + 180. Let n be v(-16). Let j = -543 + n. Is j a composite number?
False
Is 0 + -7 - (-36 + -109974) prime?
False
Suppose -58 = -7*f - 30. Let j(q) = 19*q**3 + 11*q**2 - 5*q - 11. Is j(f) a prime number?
True
Let f(i) = 6*i**3 + 16*i**2 + 42*i - 243. Is f(16) a composite number?
False
Suppose -3*a + 76154 = b, -3*a + 76158 = -4*b + b. Is a composite?
True
Suppose 4*a + 2*v + 3*v = 48, 4*v - 18 = -2*a. Let j(s) = -2*s**2 + 34*s + 5. Let d be j(a). Suppose 1480 = 8*b - 3*b - 5*g, -4*b - d*g = -1175. Is b composite?
True
Suppose 0 = -10*h + 971610 + 4500260. Is h a composite number?
True
Suppose -5*p + 25 = -0*p, p + 31 = 3*f. Suppose -f = a - 0. Is (1/3)/((-4)/a) + 9 composite?
True
Let z(s) = -s**2 - 16*s + 17. Let f be z(-17). Suppose 8*h = 5*h + 2*y + 2617, f = 5*h + 3*y - 4349. Suppose -p = -850 - h. Is p composite?
False
Suppose -59*w + 19320 = -55*w + 2*s, -w + 3*s = -4823. Is w composite?
True
Let w be 1*-2 - (-2 - -2 - 3). Suppose 3